{"version":"1.0","provider_name":"Choralies 2025","provider_url":"https:\/\/choralies.fr\/en\/","author_name":"amarconnet","author_url":"https:\/\/choralies.fr\/en\/author\/amarconnet\/","title":"Ch\u0153ur a c\u0153ur","type":"rich","width":600,"height":338,"html":"<blockquote class=\"wp-embedded-content\" data-secret=\"WHUhswEPgP\"><a href=\"https:\/\/choralies.fr\/en\/artists\/choeur-a-coeur\/\">Ch\u0153ur a c\u0153ur<\/a><\/blockquote><iframe sandbox=\"allow-scripts\" security=\"restricted\" src=\"https:\/\/choralies.fr\/en\/artists\/choeur-a-coeur\/embed\/#?secret=WHUhswEPgP\" width=\"600\" height=\"338\" title=\"&#8220;Ch\u0153ur a c\u0153ur&#8221; &#8212; Choralies 2025\" data-secret=\"WHUhswEPgP\" frameborder=\"0\" marginwidth=\"0\" marginheight=\"0\" scrolling=\"no\" class=\"wp-embedded-content\"><\/iframe><script>\n\/*! This file is auto-generated *\/\n!function(d,l){\"use strict\";l.querySelector&&d.addEventListener&&\"undefined\"!=typeof URL&&(d.wp=d.wp||{},d.wp.receiveEmbedMessage||(d.wp.receiveEmbedMessage=function(e){var t=e.data;if((t||t.secret||t.message||t.value)&&!\/[^a-zA-Z0-9]\/.test(t.secret)){for(var s,r,n,a=l.querySelectorAll('iframe[data-secret=\"'+t.secret+'\"]'),o=l.querySelectorAll('blockquote[data-secret=\"'+t.secret+'\"]'),c=new RegExp(\"^https?:$\",\"i\"),i=0;i<o.length;i++)o[i].style.display=\"none\";for(i=0;i<a.length;i++)s=a[i],e.source===s.contentWindow&&(s.removeAttribute(\"style\"),\"height\"===t.message?(1e3<(r=parseInt(t.value,10))?r=1e3:~~r<200&&(r=200),s.height=r):\"link\"===t.message&&(r=new URL(s.getAttribute(\"src\")),n=new URL(t.value),c.test(n.protocol))&&n.host===r.host&&l.activeElement===s&&(d.top.location.href=t.value))}},d.addEventListener(\"message\",d.wp.receiveEmbedMessage,!1),l.addEventListener(\"DOMContentLoaded\",function(){for(var e,t,s=l.querySelectorAll(\"iframe.wp-embedded-content\"),r=0;r<s.length;r++)(t=(e=s[r]).getAttribute(\"data-secret\"))||(t=Math.random().toString(36).substring(2,12),e.src+=\"#?secret=\"+t,e.setAttribute(\"data-secret\",t)),e.contentWindow.postMessage({message:\"ready\",secret:t},\"*\")},!1)))}(window,document);\n\/\/# sourceURL=https:\/\/choralies.fr\/wp-includes\/js\/wp-embed.min.js\n<\/script>\n","thumbnail_url":"https:\/\/choralies.fr\/wp-content\/uploads\/Chorale-Choeur-a-Coeur.jpg","thumbnail_width":1920,"thumbnail_height":1280,"description":"Direction : M\u00e9lanie Krebs En 2005, pour les 100 ans de l\u2019\u00e9cole primaire du village, une enseignante, Carine Jeanbourquin, eut l\u2019id\u00e9e d\u2019associer dans une chorale ses petits \u00e9l\u00e8ves \u00e0 des \u00ab anciens \u00bb de l\u2019institution. Ce ch\u0153ur devait se produire 2 fois et dispara\u00eetre. Mais voil\u00e0 ! Enthousiasm\u00e9s, les \u00ab anciens \u00bb ont voulu continuer [&hellip;]"}

Chœur a cœur

<blockquote class="wp-embedded-content" data-secret="WHUhswEPgP"><a href="https://choralies.fr/en/artists/choeur-a-coeur/">Chœur a cœur</a></blockquote><iframe sandbox="allow-scripts" security="restricted" src="https://choralies.fr/en/artists/choeur-a-coeur/embed/#?secret=WHUhswEPgP" width="600" height="338" title="&#8220;Chœur a cœur&#8221; &#8212; Choralies 2025" data-secret="WHUhswEPgP" frameborder="0" marginwidth="0" marginheight="0" scrolling="no" class="wp-embedded-content"></iframe><script>
/*! This file is auto-generated */
!function(d,l){"use strict";l.querySelector&&d.addEventListener&&"undefined"!=typeof URL&&(d.wp=d.wp||{},d.wp.receiveEmbedMessage||(d.wp.receiveEmbedMessage=function(e){var t=e.data;if((t||t.secret||t.message||t.value)&&!/[^a-zA-Z0-9]/.test(t.secret)){for(var s,r,n,a=l.querySelectorAll('iframe[data-secret="'+t.secret+'"]'),o=l.querySelectorAll('blockquote[data-secret="'+t.secret+'"]'),c=new RegExp("^https?:$","i"),i=0;i<o.length;i++)o[i].style.display="none";for(i=0;i<a.length;i++)s=a[i],e.source===s.contentWindow&&(s.removeAttribute("style"),"height"===t.message?(1e3<(r=parseInt(t.value,10))?r=1e3:~~r<200&&(r=200),s.height=r):"link"===t.message&&(r=new URL(s.getAttribute("src")),n=new URL(t.value),c.test(n.protocol))&&n.host===r.host&&l.activeElement===s&&(d.top.location.href=t.value))}},d.addEventListener("message",d.wp.receiveEmbedMessage,!1),l.addEventListener("DOMContentLoaded",function(){for(var e,t,s=l.querySelectorAll("iframe.wp-embedded-content"),r=0;r<s.length;r++)(t=(e=s[r]).getAttribute("data-secret"))||(t=Math.random().toString(36).substring(2,12),e.src+="#?secret="+t,e.setAttribute("data-secret",t)),e.contentWindow.postMessage({message:"ready",secret:t},"*")},!1)))}(window,document);
//# sourceURL=https://choralies.fr/wp-includes/js/wp-embed.min.js
</script>

Direction : Mélanie Krebs En 2005, pour les 100 ans de l’école primaire du village, une enseignante, Carine Jeanbourquin, eut l’idée d’associer dans une chorale ses petits élèves à des « anciens » de l’institution. Ce chœur devait se produire 2 fois et disparaître. Mais voilà ! Enthousiasmés, les « anciens » ont voulu continuer [&hellip;]
