{"version":"1.0","provider_name":"Choralies 2025","provider_url":"https:\/\/choralies.fr\/en\/","author_name":"amarconnet","author_url":"https:\/\/choralies.fr\/en\/author\/amarconnet\/","title":"Gardaix","type":"rich","width":600,"height":338,"html":"<blockquote class=\"wp-embedded-content\" data-secret=\"pb8WaUP6rA\"><a href=\"https:\/\/choralies.fr\/en\/artists\/gardaix\/\">Gardaix<\/a><\/blockquote><iframe sandbox=\"allow-scripts\" security=\"restricted\" src=\"https:\/\/choralies.fr\/en\/artists\/gardaix\/embed\/#?secret=pb8WaUP6rA\" width=\"600\" height=\"338\" title=\"&#8220;Gardaix&#8221; &#8212; Choralies 2025\" data-secret=\"pb8WaUP6rA\" frameborder=\"0\" marginwidth=\"0\" marginheight=\"0\" scrolling=\"no\" class=\"wp-embedded-content\"><\/iframe><script>\n\/*! This file is auto-generated *\/\n!function(d,l){\"use strict\";l.querySelector&&d.addEventListener&&\"undefined\"!=typeof URL&&(d.wp=d.wp||{},d.wp.receiveEmbedMessage||(d.wp.receiveEmbedMessage=function(e){var t=e.data;if((t||t.secret||t.message||t.value)&&!\/[^a-zA-Z0-9]\/.test(t.secret)){for(var s,r,n,a=l.querySelectorAll('iframe[data-secret=\"'+t.secret+'\"]'),o=l.querySelectorAll('blockquote[data-secret=\"'+t.secret+'\"]'),c=new RegExp(\"^https?:$\",\"i\"),i=0;i<o.length;i++)o[i].style.display=\"none\";for(i=0;i<a.length;i++)s=a[i],e.source===s.contentWindow&&(s.removeAttribute(\"style\"),\"height\"===t.message?(1e3<(r=parseInt(t.value,10))?r=1e3:~~r<200&&(r=200),s.height=r):\"link\"===t.message&&(r=new URL(s.getAttribute(\"src\")),n=new URL(t.value),c.test(n.protocol))&&n.host===r.host&&l.activeElement===s&&(d.top.location.href=t.value))}},d.addEventListener(\"message\",d.wp.receiveEmbedMessage,!1),l.addEventListener(\"DOMContentLoaded\",function(){for(var e,t,s=l.querySelectorAll(\"iframe.wp-embedded-content\"),r=0;r<s.length;r++)(t=(e=s[r]).getAttribute(\"data-secret\"))||(t=Math.random().toString(36).substring(2,12),e.src+=\"#?secret=\"+t,e.setAttribute(\"data-secret\",t)),e.contentWindow.postMessage({message:\"ready\",secret:t},\"*\")},!1)))}(window,document);\n\/\/# sourceURL=https:\/\/choralies.fr\/wp-includes\/js\/wp-embed.min.js\n<\/script>\n","description":"Evelyne Gardaix d\u00e9couvre le chant choral \u00e0 Nancy, au sein de la Chorale Universitaire avec Pierre Chevrier. Apr\u00e8s un stage anim\u00e9 par Pierre Cao, elle dirige le groupe et se passionne pour cette activit\u00e9. Elle compl\u00e8te son exp\u00e9rience aupr\u00e8s de Fran\u00e7oise Brunier, R\u00e9gis Harquel et Laetitia Casabianca ou comme choriste lors de la formation de [&hellip;]"}

Evelyne Gardaix découvre le chant choral à Nancy, au sein de la Chorale Universitaire avec Pierre Chevrier. Après un stage animé par Pierre Cao, elle dirige le groupe et se passionne pour cette activité. Elle complète son expérience auprès de Françoise Brunier, Régis Harquel et Laetitia Casabianca ou comme choriste lors de la formation de [&hellip;]
