{"version":"1.0","provider_name":"Choralies 2025","provider_url":"https:\/\/choralies.fr\/en\/","author_name":"amarconnet","author_url":"https:\/\/choralies.fr\/en\/author\/amarconnet\/","title":"Levesque","type":"rich","width":600,"height":338,"html":"<blockquote class=\"wp-embedded-content\" data-secret=\"I1iXJfK6NA\"><a href=\"https:\/\/choralies.fr\/en\/artists\/levesque\/\">Levesque<\/a><\/blockquote><iframe sandbox=\"allow-scripts\" security=\"restricted\" src=\"https:\/\/choralies.fr\/en\/artists\/levesque\/embed\/#?secret=I1iXJfK6NA\" width=\"600\" height=\"338\" title=\"&#8220;Levesque&#8221; &#8212; Choralies 2025\" data-secret=\"I1iXJfK6NA\" frameborder=\"0\" marginwidth=\"0\" marginheight=\"0\" scrolling=\"no\" class=\"wp-embedded-content\"><\/iframe><script>\n\/*! This file is auto-generated *\/\n!function(d,l){\"use strict\";l.querySelector&&d.addEventListener&&\"undefined\"!=typeof URL&&(d.wp=d.wp||{},d.wp.receiveEmbedMessage||(d.wp.receiveEmbedMessage=function(e){var t=e.data;if((t||t.secret||t.message||t.value)&&!\/[^a-zA-Z0-9]\/.test(t.secret)){for(var s,r,n,a=l.querySelectorAll('iframe[data-secret=\"'+t.secret+'\"]'),o=l.querySelectorAll('blockquote[data-secret=\"'+t.secret+'\"]'),c=new RegExp(\"^https?:$\",\"i\"),i=0;i<o.length;i++)o[i].style.display=\"none\";for(i=0;i<a.length;i++)s=a[i],e.source===s.contentWindow&&(s.removeAttribute(\"style\"),\"height\"===t.message?(1e3<(r=parseInt(t.value,10))?r=1e3:~~r<200&&(r=200),s.height=r):\"link\"===t.message&&(r=new URL(s.getAttribute(\"src\")),n=new URL(t.value),c.test(n.protocol))&&n.host===r.host&&l.activeElement===s&&(d.top.location.href=t.value))}},d.addEventListener(\"message\",d.wp.receiveEmbedMessage,!1),l.addEventListener(\"DOMContentLoaded\",function(){for(var e,t,s=l.querySelectorAll(\"iframe.wp-embedded-content\"),r=0;r<s.length;r++)(t=(e=s[r]).getAttribute(\"data-secret\"))||(t=Math.random().toString(36).substring(2,12),e.src+=\"#?secret=\"+t,e.setAttribute(\"data-secret\",t)),e.contentWindow.postMessage({message:\"ready\",secret:t},\"*\")},!1)))}(window,document);\n\/\/# sourceURL=https:\/\/choralies.fr\/wp-includes\/js\/wp-embed.min.js\n<\/script>\n","thumbnail_url":"https:\/\/choralies.fr\/wp-content\/uploads\/Dylan-Levesque.jpg","thumbnail_width":1365,"thumbnail_height":2048,"description":"Apr\u00e8s avoir commenc\u00e9 son parcours musical dans la classe de clarinette de Jacques Lepicard \u00e0 l\u2019\u00e2ge de 8 ans, Dylan entre dans la chorale du Lyc\u00e9e Raymond Queneau dirig\u00e9e par Mathias Charton, puis int\u00e9grera le Jeune ch\u0153ur \u201cPresto\u201d de la Ma\u00eetrise de Seine-Maritime d\u00e8s sa cr\u00e9ation en 2015. Apr\u00e8s un bac litt\u00e9raire option musique lourde, [&hellip;]"}

Après avoir commencé son parcours musical dans la classe de clarinette de Jacques Lepicard à l’âge de 8 ans, Dylan entre dans la chorale du Lycée Raymond Queneau dirigée par Mathias Charton, puis intégrera le Jeune chœur “Presto” de la Maîtrise de Seine-Maritime dès sa création en 2015. Après un bac littéraire option musique lourde, [&hellip;]
